{"id":59,"date":"2022-07-11T12:00:31","date_gmt":"2022-07-11T12:00:31","guid":{"rendered":"http:\/\/www.utn.edu.ec\/fecyt\/carreras\/educacionbasica\/?page_id=59"},"modified":"2022-07-11T21:27:36","modified_gmt":"2022-07-11T21:27:36","slug":"campo-ocupacional","status":"publish","type":"page","link":"https:\/\/educacionbasica.utn.edu.ec\/index.php\/campo-ocupacional\/","title":{"rendered":"Campo ocupacional"},"content":{"rendered":"<p><img loading=\"lazy\" decoding=\"async\" class=\"size-medium wp-image-154 aligncenter\" src=\"https:\/\/educacionbasica.utn.edu.ec\/wp-content\/uploads\/2018\/02\/Perfil_Profesional-282x300.jpg\" alt=\"\" width=\"282\" height=\"300\" srcset=\"https:\/\/educacionbasica.utn.edu.ec\/wp-content\/uploads\/2018\/02\/Perfil_Profesional-282x300.jpg 282w, https:\/\/educacionbasica.utn.edu.ec\/wp-content\/uploads\/2018\/02\/Perfil_Profesional-253x270.jpg 253w, https:\/\/educacionbasica.utn.edu.ec\/wp-content\/uploads\/2018\/02\/Perfil_Profesional.jpg 553w\" sizes=\"auto, (max-width: 282px) 100vw, 282px\" \/><\/p>\n<p><strong>El profesional de la carrera de Educaci\u00f3n General B\u00e1sica puede desempe\u00f1arse como:<\/strong><strong>\u00a0<\/strong><\/p>\n<ul>\n<li>Profesor de Educaci\u00f3n B\u00e1sica<\/li>\n<li>Director y Subdirector de Unidades Educativas<\/li>\n<li>L\u00edder de procesos de inclusi\u00f3n educativa de ni\u00f1os y adolescentes con necesidades educativas.<\/li>\n<li>Gestor de proyectos de desarrollo educativo.<\/li>\n<li>Docente investigador en educaci\u00f3n b\u00e1sica.<\/li>\n<li>Promotor del desarrollo comunitario<\/li>\n<li>Docente en SNNA.<\/li>\n<li>Dise\u00f1ador y capacitador educativo.<\/li>\n<li>Coordinador de Programas Educativos.<\/li>\n<li>Desempe\u00f1arse como perito o asesor en la escritura de textos.<\/li>\n<li>Asesor en tareas escolares dirigidas.<\/li>\n<\/ul>\n<p><strong>Escenarios Laborales:<\/strong><strong>\u00a0<\/strong><\/p>\n<ul>\n<li>Ministerio de Educaci\u00f3n.<\/li>\n<li>Coordinaci\u00f3n Zonal de Educaci\u00f3n.<\/li>\n<li>Distritos Educativos.<\/li>\n<li>Unidades Educativas.<\/li>\n<li>Centros de Capacitaci\u00f3n<\/li>\n<li>ONG<\/li>\n<\/ul>\n","protected":false},"excerpt":{"rendered":"<p>El profesional de la carrera de Educaci\u00f3n General B\u00e1sica puede desempe\u00f1arse como:\u00a0 Profesor de Educaci\u00f3n B\u00e1sica Director y Subdirector de Unidades Educativas L\u00edder de procesos de inclusi\u00f3n educativa de ni\u00f1os y adolescentes con necesidades educativas. Gestor de proyectos de desarrollo <a href=\"https:\/\/educacionbasica.utn.edu.ec\/index.php\/campo-ocupacional\/\" class=\"read-more\">Leer m\u00e1s&#8230;<\/a><\/p>\n","protected":false},"author":1,"featured_media":0,"parent":0,"menu_order":0,"comment_status":"closed","ping_status":"closed","template":"","meta":{"footnotes":""},"class_list":["post-59","page","type-page","status-publish","hentry"],"_links":{"self":[{"href":"https:\/\/educacionbasica.utn.edu.ec\/index.php\/wp-json\/wp\/v2\/pages\/59","targetHints":{"allow":["GET"]}}],"collection":[{"href":"https:\/\/educacionbasica.utn.edu.ec\/index.php\/wp-json\/wp\/v2\/pages"}],"about":[{"href":"https:\/\/educacionbasica.utn.edu.ec\/index.php\/wp-json\/wp\/v2\/types\/page"}],"author":[{"embeddable":true,"href":"https:\/\/educacionbasica.utn.edu.ec\/index.php\/wp-json\/wp\/v2\/users\/1"}],"replies":[{"embeddable":true,"href":"https:\/\/educacionbasica.utn.edu.ec\/index.php\/wp-json\/wp\/v2\/comments?post=59"}],"version-history":[{"count":5,"href":"https:\/\/educacionbasica.utn.edu.ec\/index.php\/wp-json\/wp\/v2\/pages\/59\/revisions"}],"predecessor-version":[{"id":270,"href":"https:\/\/educacionbasica.utn.edu.ec\/index.php\/wp-json\/wp\/v2\/pages\/59\/revisions\/270"}],"wp:attachment":[{"href":"https:\/\/educacionbasica.utn.edu.ec\/index.php\/wp-json\/wp\/v2\/media?parent=59"}],"curies":[{"name":"wp","href":"https:\/\/api.w.org\/{rel}","templated":true}]}}

<p><img loading="lazy" decoding="async" class="size-medium wp-image-154 aligncenter" src="https://educacionbasica.utn.edu.ec/wp-content/uploads/2018/02/Perfil_Profesional-282x300.jpg" alt="" width="282" height="300" srcset="https://educacionbasica.utn.edu.ec/wp-content/uploads/2018/02/Perfil_Profesional-282x300.jpg 282w, https://educacionbasica.utn.edu.ec/wp-content/uploads/2018/02/Perfil_Profesional-253x270.jpg 253w, https://educacionbasica.utn.edu.ec/wp-content/uploads/2018/02/Perfil_Profesional.jpg 553w" sizes="auto, (max-width: 282px) 100vw, 282px" /></p>
<p><strong>El profesional de la carrera de Educación General Básica puede desempeñarse como:</strong><strong> </strong></p>
<ul>
<li>Profesor de Educación Básica</li>
<li>Director y Subdirector de Unidades Educativas</li>
<li>Líder de procesos de inclusión educativa de niños y adolescentes con necesidades educativas.</li>
<li>Gestor de proyectos de desarrollo educativo.</li>
<li>Docente investigador en educación básica.</li>
<li>Promotor del desarrollo comunitario</li>
<li>Docente en SNNA.</li>
<li>Diseñador y capacitador educativo.</li>
<li>Coordinador de Programas Educativos.</li>
<li>Desempeñarse como perito o asesor en la escritura de textos.</li>
<li>Asesor en tareas escolares dirigidas.</li>
</ul>
<p><strong>Escenarios Laborales:</strong><strong> </strong></p>
<ul>
<li>Ministerio de Educación.</li>
<li>Coordinación Zonal de Educación.</li>
<li>Distritos Educativos.</li>
<li>Unidades Educativas.</li>
<li>Centros de Capacitación</li>
<li>ONG</li>
</ul>

<p>El profesional de la carrera de Educación General Básica puede desempeñarse como:  Profesor de Educación Básica Director y Subdirector de Unidades Educativas Líder de procesos de inclusión educativa de niños y adolescentes con necesidades educativas. Gestor de proyectos de desarrollo <a href="https://educacionbasica.utn.edu.ec/index.php/campo-ocupacional/" class="read-more">Leer más&#8230;</a></p>
