{"id":57,"date":"2022-07-11T12:00:05","date_gmt":"2022-07-11T12:00:05","guid":{"rendered":"http:\/\/www.utn.edu.ec\/fecyt\/carreras\/educacionbasica\/?page_id=57"},"modified":"2022-07-11T21:22:33","modified_gmt":"2022-07-11T21:22:33","slug":"perfil-profesional","status":"publish","type":"page","link":"https:\/\/educacionbasica.utn.edu.ec\/index.php\/perfil-profesional\/","title":{"rendered":"Perfil profesional"},"content":{"rendered":"<p>Se destacan las capacidades, habilidades y destrezas que tiene el profesional de Educaci\u00f3n B\u00e1sica<\/p>\n<ul>\n<li>Maneja la informaci\u00f3n, la investigaci\u00f3n y la gesti\u00f3n de entornos y ambientes que posibiliten la convergencia.<\/li>\n<li>Utiliza el pensamiento l\u00f3gico, cr\u00edtico y creativo para la comprensi\u00f3n, explicaci\u00f3n, integraci\u00f3n, comunicaci\u00f3n de los fen\u00f3menos y sujetos en situaciones educativas.<\/li>\n<li>Dise\u00f1a, ejecuta y eval\u00faa procesos educativos de ense\u00f1anza-aprendizaje significativos y relevantes, que propicien la interdisciplinariedad, creatividad y metacognici\u00f3n.<\/li>\n<li>Dise\u00f1a, ejecuta y eval\u00faa procesos educativos que promueven la inclusi\u00f3n y el desarrollo de la comunidad en diferentes entornos educativos.<\/li>\n<li>Formula y resuelve problemas educativos y del aprendizaje mediante la investigaci\u00f3n-acci\u00f3n.<\/li>\n<li>Dise\u00f1a, desarrolla y eval\u00faa programas y propuestas de aprendizaje en base al conocimiento disciplinar.<\/li>\n<li>Aplica e innova estrategias y recursos did\u00e1cticos y metodol\u00f3gicos para realizar su labor educativa con flexibilidad, eficacia y eficiencia en la diversidad de contextos y ambientes de aprendizaje.<\/li>\n<li>Acompa\u00f1a de forma personalizada el proceso de aprendizaje de cada estudiante.<\/li>\n<li>Construye ambientes de aprendizaje en funci\u00f3n de las trayectorias de los sujetos educativos.<\/li>\n<li>Comprende la heterogeneidad y diversidad de ritmos y estilos de aprendizaje y es capaz de realizar adaptaciones curriculares, creando experiencias inclusivas.<\/li>\n<\/ul>\n","protected":false},"excerpt":{"rendered":"<p>Se destacan las capacidades, habilidades y destrezas que tiene el profesional de Educaci\u00f3n B\u00e1sica Maneja la informaci\u00f3n, la investigaci\u00f3n y la gesti\u00f3n de entornos y ambientes que posibiliten la convergencia. Utiliza el pensamiento l\u00f3gico, cr\u00edtico y creativo para la comprensi\u00f3n, <a href=\"https:\/\/educacionbasica.utn.edu.ec\/index.php\/perfil-profesional\/\" class=\"read-more\">Leer m\u00e1s&#8230;<\/a><\/p>\n","protected":false},"author":1,"featured_media":0,"parent":0,"menu_order":0,"comment_status":"closed","ping_status":"closed","template":"","meta":{"footnotes":""},"class_list":["post-57","page","type-page","status-publish","hentry"],"_links":{"self":[{"href":"https:\/\/educacionbasica.utn.edu.ec\/index.php\/wp-json\/wp\/v2\/pages\/57","targetHints":{"allow":["GET"]}}],"collection":[{"href":"https:\/\/educacionbasica.utn.edu.ec\/index.php\/wp-json\/wp\/v2\/pages"}],"about":[{"href":"https:\/\/educacionbasica.utn.edu.ec\/index.php\/wp-json\/wp\/v2\/types\/page"}],"author":[{"embeddable":true,"href":"https:\/\/educacionbasica.utn.edu.ec\/index.php\/wp-json\/wp\/v2\/users\/1"}],"replies":[{"embeddable":true,"href":"https:\/\/educacionbasica.utn.edu.ec\/index.php\/wp-json\/wp\/v2\/comments?post=57"}],"version-history":[{"count":2,"href":"https:\/\/educacionbasica.utn.edu.ec\/index.php\/wp-json\/wp\/v2\/pages\/57\/revisions"}],"predecessor-version":[{"id":152,"href":"https:\/\/educacionbasica.utn.edu.ec\/index.php\/wp-json\/wp\/v2\/pages\/57\/revisions\/152"}],"wp:attachment":[{"href":"https:\/\/educacionbasica.utn.edu.ec\/index.php\/wp-json\/wp\/v2\/media?parent=57"}],"curies":[{"name":"wp","href":"https:\/\/api.w.org\/{rel}","templated":true}]}}

<p>Se destacan las capacidades, habilidades y destrezas que tiene el profesional de Educación Básica</p>
<ul>
<li>Maneja la información, la investigación y la gestión de entornos y ambientes que posibiliten la convergencia.</li>
<li>Utiliza el pensamiento lógico, crítico y creativo para la comprensión, explicación, integración, comunicación de los fenómenos y sujetos en situaciones educativas.</li>
<li>Diseña, ejecuta y evalúa procesos educativos de enseñanza-aprendizaje significativos y relevantes, que propicien la interdisciplinariedad, creatividad y metacognición.</li>
<li>Diseña, ejecuta y evalúa procesos educativos que promueven la inclusión y el desarrollo de la comunidad en diferentes entornos educativos.</li>
<li>Formula y resuelve problemas educativos y del aprendizaje mediante la investigación-acción.</li>
<li>Diseña, desarrolla y evalúa programas y propuestas de aprendizaje en base al conocimiento disciplinar.</li>
<li>Aplica e innova estrategias y recursos didácticos y metodológicos para realizar su labor educativa con flexibilidad, eficacia y eficiencia en la diversidad de contextos y ambientes de aprendizaje.</li>
<li>Acompaña de forma personalizada el proceso de aprendizaje de cada estudiante.</li>
<li>Construye ambientes de aprendizaje en función de las trayectorias de los sujetos educativos.</li>
<li>Comprende la heterogeneidad y diversidad de ritmos y estilos de aprendizaje y es capaz de realizar adaptaciones curriculares, creando experiencias inclusivas.</li>
</ul>

<p>Se destacan las capacidades, habilidades y destrezas que tiene el profesional de Educación Básica Maneja la información, la investigación y la gestión de entornos y ambientes que posibiliten la convergencia. Utiliza el pensamiento lógico, crítico y creativo para la comprensión, <a href="https://educacionbasica.utn.edu.ec/index.php/perfil-profesional/" class="read-more">Leer más&#8230;</a></p>
